onvert 26067344 (base 8) to base 10.
5795556
1040331413 (base 5) to base 16
22bef4
What is 49a562 (base 11) in base 6?
24533112
20012220111111 (base 3) to base 4
30212313121
What is -925235 (base 12) in base 14?
-438745
153a0 (base 12) to base 3
1112001110
What is 12226433 (base 8) in base 15?
384868
What is 11011001100100010011 (base 2) in base 15?
1290a5
401427 (base 8) to base 5
13204423
-42373 (base 10) to base 14
-11629
-242424510 (base 6) to base 14
-87cd3c
What is 92801 (base 11) in base 6?
2522504
10203320103 (base 4) to base 7
13106352
211532 (base 8) to base 12
34962
34214442 (base 5) to base 3
120110112001
-5f3b45 (base 16) to base 4
-113303231011
104300 (base 16) to base 14
1da556
What is 6e821 (base 16) in base 15?
8e1b1
Convert -3504453 (base 6) to base 12.
-88129
What is 1744a4 (base 11) in base 9?
450560
Convert 205927 (base 11) to base 13.
b71c0
368958 (base 13) to base 11
811032
What is 615173 (base 8) in base 6?
4205335
Convert -10467447 (base 8) to base 5.
-1034203204
-100101010101010011 (base 2) to base 4
-211111103
What is -13111031 (base 4) in base 14?
-ad2d
Convert 10010212021 (base 3) to base 6.
1154224
Convert b3796 (base 12) to base 16.
393a2
What is 11112202002210 (base 3) in base 9?
4482083
Convert -17c3a (base 13) to base 14.
-12aad
What is -476343 (base 8) in base 15?
-33498
Convert -51c50b (base 15) to base 4.
-32311133300
Convert 4342114 (base 6) to base 7.
1555420
What is -1124141134 (base 5) in base 16?
-273066
What is -1201020001222 (base 3) in base 6?
-31300125
What is 34337 (base 10) in base 4?
20120201
Convert -15650002 (base 7) to base 16.
-17439d
30372430 (base 8) to base 10
6419736
-4a1c3 (base 14) to base 13
-647a4
-3f15b (base 16) to base 13
-907c7
-1002001110012 (base 3) to base 16
-8b9d9
Convert -1002133303 (base 4) to base 16.
-427f3
11073b (base 15) to base 9
1466312
-87a68 (base 13) to base 9
-413856
-102221011121222 (base 3) to base 5
-3110410200
Convert -88522 (base 15) to base 4.
-1221300011
What is 689ac (base 13) in base 8?
564215
Convert -6aac (base 16) to base 9.
-41412
Convert 1537140 (base 11) to base 4.
22002021031
What is b61b37 (base 12) in base 3?
12101112221021
What is -2104331231 (base 5) in base 10?
-4370816
What is -891e2 (base 16) in base 2?
-10001001000111100010
What is -340440222 (base 5) in base 8?
-5560455
Convert 10315243 (base 8) to base 13.
5c152a
What is d2fd1 (base 16) in base 6?
30304545
What is 1010110111101100010000 (base 2) in base 12?
b55068
110011110001011010 (base 2) to base 11
135360
-344244b (base 12) to base 14
-1495015
Convert -3042343224 (base 5) to base 3.
-102200202222110
Convert 3043355 (base 6) to base 3.
21102012022
What is -204142113 (base 5) in base 15?
-11bb3d
d1789 (base 15) to base 14
13399a
Convert -4114143 (base 6) to base 2.
-110000000000001111
635710 (base 9) to base 5
44100243
-2e5e5b (base 15) to base 6
-120101335
1132440242 (base 5) to base 7
31210310
-11124323 (base 5) to base 3
-12000102001
-3853a6 (base 13) to base 4
-11022210023
What is -ec5ac (base 15) in base 3?
-1102010112200
-2220200102200 (base 3) to base 13
-422bc8
Convert -294bc6 (base 15) to base 3.
-10202010111120
What is -12a400 (base 11) in base 15?
-40737
What is 1721907 (base 10) in base 4?
12210120303
-1001000000110001010 (base 2) to base 13
-a454b
What is -11100001110010011101 (base 2) in base 7?
-10601203
Convert -8014973 (base 10) to base 14.
-10c8ca1
Convert 3340410000 (base 5) to base 9.
14752655
What is -6164342 (base 7) in base 2?
-10110100010101100000
What is 87a4c (base 13) in base 5?
30324441
Convert -276a18 (base 11) to base 6.
-13144204
Convert -a928a (base 15) to base 14.
-ddabb
Convert 331154032 (base 6) to base 11.
3398171
What is -114015240 (base 6) in base 9?
-4034346
26337727 (base 8) to base 4
112123333113
Convert c7d94 (base 14) to base 5.
110423003
Convert -10136145 (base 7) to base 9.
-1534503
What is 110311203303 (base 4) in base 3?
101021111210220
-531216 (base 7) to base 2
-10110011000101100
332250105 (base 6) to base 4
112313120321
What is b3c71a (base 13) in base 6?
225544432
What is 4a811 (base 13) in base 12?
67750
3202302 (base 6) to base 9
257062
Convert 5130123 (base 6) to base 5.
30314440
Convert 19585 (base 13) to base 3.
2111121111
Convert 1322d5 (base 15) to base 2.
11100000010001111010
What is c2c1ad (base 14) in base 7?
106536006
-200012010112 (base 3) to base 12
-153242
Convert 10111000111000110 (base 2) to base 7.
542661
Convert 2211447 (base 8) to base 10.
594727
-151405005 (base 6) to base 12
-1083765
Convert 13430243 (base 5) to base 6.
2553332
-d21a3 (base 14) to base 12
-20446b
What is -1574016 (base 12) in base 13?
-ba5844
What is -50436 (base 7) in base 13?
-5748
41655 (base 11) to base 15
12ea6
-89a25 (base 11) to base 6
-2443240
What is -100001111001110100 (base 2) in base 8?
-417164
What is -293492 (base 14) in base 8?
-5352010
What is 565334 (base 7) in base 16?
187e8
Convert 153060 (base 9) to base 4.
112332033
Convert 485402 (base 9) to base 5.
33331110
Convert -2260434 (base 7) to base 9.
-471843
What is -9a58aa (base 11) in base 2?
-110000111100000011100
Convert -62b93 (base 12) to base 8.
-375037
Convert 25143114 (base 6) to base 3.
1111222201201
-12100404 (base 5) to base 3
-12201110112
-19a6a2 (base 11) to base 9
-517065
What is -1beae9 (base 16) in base 6?
-103114225
What is 6d9b0a (base 16) in base 10?
7183114
What is -305473 (base 9) in base 15?
-38a3c
-100110331 (base 4) to base 5
-4120002
Convert 4264225 (base 7) to base 15.
a418a
What is 20333514 (base 7) in base 9?
3180160
Convert 1324401 (base 5) to base 6.
324151
Convert 36972 (base 13) to base 7.
565641
-106512 (base 8) to base 10
-36170
What is 2111012222210 (base 3) in base 6?
44205333
What is -75923 (base 12) in base 8?
-456753
2210647 (base 8) to base 7
5023531
Convert 11100001110000101011 (base 2) to base 8.
3416053
What is -141401244 (base 7) in base 11?
-5244440
12121144224 (base 5) to base 10
14240564
What is 122122011011 (base 3) in base 12?
148a64
dc820 (base 16) to base 8
3344040
What is 129869 (base 10) in base 15?
2872e
-1302022320 (base 4) to base 13
-134b14
What is 3763224 (base 9) in base 13?
569a85
-5a22bc (base 15) to base 12
-153a606
What is a41948 (base 13) in base 3?
21012122002010
23303200 (base 5) to base 6
4321433
What is 789766 (base 13) in base 14?
54217d
Convert 240343241 (base 5) to base 12.
454107
Convert 481149 (base 10) to base 5.
110344044
Convert bc119 (base 14) to base 7.
3605432
4021154 (base 7) to base 8
1641265
Convert 9e1d8 (base 15) to base 5.
112101203
10649 (base 10) to base 15
324e
What is -1920c3 (base 14) in base 13?
-251991
Convert -1407a9 (base 12) to base 4.
-1101101301
What is 428746 (base 13) in base 14?
2c8cbd
Convert -20234131 (base 6) to base 7.
-4634431
Convert 4443442 (base 6) to base 12.
a9582
What is -327d1d (base 15) in base 8?
-11133101
-24412 (base 9) to base 3
-211110102
Convert 3b75 (base 14) to base 10.
10491
Convert 139e50 (base 15) to base 11.
595975
-56aa449 (base 11) to base 15
-d234e8
What is 13874563 (base 9) in base 5?
3231231424
Convert -812989 (base 12) to base 16.
-1ec3f9
What is 193807 (base 10) in base 2?
101111010100001111
What is -20023433 (base 5) in base 15?
-31c2d
What is b2c891 (base 14) in base 10?
6027519
What is -75cad (base 14) in base 13?
-9ca28
Convert 48a81 (base 13) to base 12.
653a7
What is 21462 (base 12) in base 9?
66132
Convert 130434424 (base 6) to base 3.
11210211101221
What is 42324521 (base 6) in base 2?
100101110101111100001
What is 477abc (base 13) in base 12?
6a1183
What is -132311320 (base 4) in base 3?
-20102021211
Convert 1001100202110120 (base 3) to base 5.
12324304124
What is -1001043 (base 7) in base 4?
-130310013
Convert -36b252 (base 15) to base 10.
-2619527
Convert 2311168 (base 9) to base 6.
42423142
Convert -52223030 (base 6) to base 10.
-1511802
Convert -32300013 (base 5) to base 15.
-5673d
35020653 (base 7) to base 9
5680023
Convert -4332200 (base 6) to base 10.
-214344
What is -2062161 (base 9) in base 11?
-694373
Convert -334122 (base 7) to base 3.
-10000000110
11032301000 (base 4) to base 3
2120122221012
What is 4431445 (base 6) in base 10?
222005
Convert -64556245 (base 7) to base 16.
-5413c3
-124354 (base 9) to base 5
-4403004
-21200022